{"id":3069,"date":"2024-10-22T09:20:42","date_gmt":"2024-10-22T07:20:42","guid":{"rendered":"https:\/\/boutiquemip.fr\/?post_type=product&#038;p=3069"},"modified":"2025-05-27T12:04:30","modified_gmt":"2025-05-27T10:04:30","slug":"eau-de-parfum-oriza-legrand-violette-du-czar-100-ml","status":"publish","type":"product","link":"https:\/\/boutiquemip.fr\/index.php\/produit\/eau-de-parfum-oriza-legrand-violette-du-czar-100-ml\/","title":{"rendered":"EAU DE PARFUM ORIZA LEGRAND VIOLETTE DU CZAR 100 ML"},"content":{"rendered":"","protected":false},"excerpt":{"rendered":"<div id=\"product-description-short-26\" class=\"product-description-short\">\n<p>Violettes du Czar est bien le parfum audacieux qui convient aux \u00e9l\u00e9gants et \u00e9l\u00e9gantes comme il faut.<\/p>\n<div>Notes de t\u00eate : Feuilles de Violettes &amp; Violette Sauvage.<\/div>\n<div>Notes de coeur : Violette de Nice &amp; Iris de Florence.<\/div>\n<div>Notes de fond : Cuir de Russie, Ambre &amp; Bois de Ga\u00efac<\/div>\n<\/div>\n<div class=\"product-prices js-product-prices\">\n<div class=\"product-price h5 \"><\/div>\n<\/div>\n","protected":false},"featured_media":2971,"comment_status":"open","ping_status":"closed","template":"","meta":[],"product_brand":[],"product_cat":[20],"product_tag":[],"class_list":{"0":"post-3069","1":"product","2":"type-product","3":"status-publish","4":"has-post-thumbnail","6":"product_cat-cosmetique-et-parfums","8":"first","9":"outofstock","10":"shipping-taxable","11":"purchasable","12":"product-type-simple"},"jetpack_sharing_enabled":true,"_links":{"self":[{"href":"https:\/\/boutiquemip.fr\/index.php\/wp-json\/wp\/v2\/product\/3069","targetHints":{"allow":["GET"]}}],"collection":[{"href":"https:\/\/boutiquemip.fr\/index.php\/wp-json\/wp\/v2\/product"}],"about":[{"href":"https:\/\/boutiquemip.fr\/index.php\/wp-json\/wp\/v2\/types\/product"}],"replies":[{"embeddable":true,"href":"https:\/\/boutiquemip.fr\/index.php\/wp-json\/wp\/v2\/comments?post=3069"}],"wp:featuredmedia":[{"embeddable":true,"href":"https:\/\/boutiquemip.fr\/index.php\/wp-json\/wp\/v2\/media\/2971"}],"wp:attachment":[{"href":"https:\/\/boutiquemip.fr\/index.php\/wp-json\/wp\/v2\/media?parent=3069"}],"wp:term":[{"taxonomy":"product_brand","embeddable":true,"href":"https:\/\/boutiquemip.fr\/index.php\/wp-json\/wp\/v2\/product_brand?post=3069"},{"taxonomy":"product_cat","embeddable":true,"href":"https:\/\/boutiquemip.fr\/index.php\/wp-json\/wp\/v2\/product_cat?post=3069"},{"taxonomy":"product_tag","embeddable":true,"href":"https:\/\/boutiquemip.fr\/index.php\/wp-json\/wp\/v2\/product_tag?post=3069"}],"curies":[{"name":"wp","href":"https:\/\/api.w.org\/{rel}","templated":true}]}}