{"id":3950,"date":"2025-06-19T15:43:20","date_gmt":"2025-06-19T13:43:20","guid":{"rendered":"https:\/\/boutiquemip.fr\/?page_id=3950"},"modified":"2025-06-19T15:43:21","modified_gmt":"2025-06-19T13:43:21","slug":"mentions-legales","status":"publish","type":"page","link":"https:\/\/boutiquemip.fr\/index.php\/mentions-legales\/","title":{"rendered":"Mentions l\u00e9gales"},"content":{"rendered":"\n<h6 class=\"wp-block-heading\"><strong>Propri\u00e9taire<\/strong>&nbsp;: Communaut\u00e9 d&rsquo;agglom\u00e9ration du Pays de Grasse \u2013 Collectivit\u00e9 territoriale \u2013 57, Avenue Pierre S\u00e9mard BP91015, 06131 Grasse Cedex<br><strong>Cr\u00e9ateur<\/strong>&nbsp;: Service communication du Pays de Grasse<br><strong>Responsable de publication<\/strong>&nbsp;:&nbsp;le Pr\u00e9sident de la Communaut\u00e9 d\u2019agglom\u00e9ration du Pays de Grasse&nbsp;\u2013&nbsp;<a href=\"mailto:communication@paysdegrasse.fr\">communication@paysdegrasse.fr<\/a><br><strong>H\u00e9bergeur<\/strong>&nbsp;: Service Informatique de la Communaut\u00e9 d&rsquo;agglom\u00e9ration du Pays de Grasse \u2013 57, Avenue Pierre S\u00e9mard BP91015, 06131 Grasse Cedex<\/h6>\n\n\n\n<h6 class=\"wp-block-heading\">Toutes les informations indiqu\u00e9es sur le site\u00a0<a href=\"https:\/\/boutiquemip.fr\/\">https:\/\/boutiquemip.fr\/<\/a>\u00a0sont donn\u00e9es \u00e0 titre indicatif et sont susceptibles d\u2019\u00e9voluer. Par ailleurs, les renseignements figurant sur le site\u00a0<a href=\"https:\/\/boutiquemip.fr\/\">https:\/\/boutiquemip.fr\/<\/a>\u00a0ne sont pas exhaustifs. Ils sont donn\u00e9s sous r\u00e9serve de modifications ayant \u00e9t\u00e9 apport\u00e9es depuis leur mise en ligne.<\/h6>\n\n\n\n<h6 class=\"wp-block-heading\"><strong>Propri\u00e9t\u00e9 intellectuelle et contrefa\u00e7ons<\/strong><\/h6>\n\n\n\n<h6 class=\"wp-block-heading\">La Communaut\u00e9 d&rsquo;agglom\u00e9ration du Pays de Grasse est propri\u00e9taire des droits de propri\u00e9t\u00e9 intellectuelle ou d\u00e9tient les droits d\u2019usage sur tous les \u00e9l\u00e9ments accessibles du site, notamment les textes, images, graphismes, logos, ic\u00f4nes, sons.<\/h6>\n\n\n\n<h6 class=\"wp-block-heading\">Toute reproduction, repr\u00e9sentation, modification, publication, adaptation de tout ou partie des \u00e9l\u00e9ments du site, quel que soit le moyen ou le proc\u00e9d\u00e9 utilis\u00e9, est interdite, sauf autorisation \u00e9crite pr\u00e9alable de la Communaut\u00e9 d&rsquo;agglom\u00e9ration du Pays de Grasse.<\/h6>\n\n\n\n<h6 class=\"wp-block-heading\">Toute exploitation non autoris\u00e9e du site ou de l\u2019un quelconque des \u00e9l\u00e9ments qu\u2019il contient sera consid\u00e9r\u00e9e comme constitutive d\u2019une contrefa\u00e7on et poursuivie conform\u00e9ment aux dispositions des articles L.335-2 et suivants du Code de Propri\u00e9t\u00e9 Intellectuelle.<\/h6>\n\n\n\n<h6 class=\"wp-block-heading\"><em>Conform\u00e9ment aux articles L 321-1 et L322-1 du code des relations entre le public et l\u2019administration, les contenus informatifs et de programmation de ce site sont des informations publiques dont la r\u00e9utilisation est libre, \u00e0 la condition que ces derni\u00e8res ne soient pas alt\u00e9r\u00e9es, que leur sens ne soit pas d\u00e9natur\u00e9, et que leurs sources et la date de leur derni\u00e8re mise \u00e0 jour soient mentionn\u00e9es.<\/em><\/h6>\n\n\n\n<h6 class=\"wp-block-heading\"><em>Aucun transfert de propri\u00e9t\u00e9 des informations publiques n&rsquo;est op\u00e9r\u00e9 au profit du r\u00e9utilisateur. Ce dernier b\u00e9n\u00e9ficie d&rsquo;un droit personnel et non exclusif de r\u00e9utilisation de ces informations publiques. Toute personne r\u00e9utilisant des informations publiques en violation des prescriptions susmentionn\u00e9es est passible d&rsquo;une amende prononc\u00e9e par la commission d&rsquo;acc\u00e8s aux documents administratifs.<\/em><\/h6>\n\n\n\n<h6 class=\"wp-block-heading\"><strong>Gestion des donn\u00e9es \u00e0 caract\u00e8re personnel<\/strong><\/h6>\n\n\n\n<h6 class=\"wp-block-heading\">La Communaut\u00e9 d&rsquo;agglom\u00e9ration du Pays de Grasse collecte des informations \u00e0 caract\u00e8re personnel avec le consentement de l&rsquo;utilisateur pour le besoin de certains services propos\u00e9s par le site\u00a0<a href=\"https:\/\/boutiquemip.fr\/\">https:\/\/boutiquemip.fr\/<\/a>\u00a0(formulaires de contact, utilisation de cookies).\u00a0<\/h6>\n\n\n\n<h6 class=\"wp-block-heading\">Les donn\u00e9es recueillies sont r\u00e9serv\u00e9es uniquement \u00e0 un usage interne.<\/h6>\n\n\n\n<h6 class=\"wp-block-heading\">Elles sont conserv\u00e9es le temps n\u00e9cessaire \u00e0 la r\u00e9alisation des finalit\u00e9s d\u00e9finies.<\/h6>\n\n\n\n<h6 class=\"wp-block-heading\">Conform\u00e9ment \u00e0 la loi \u00ab Informatique et Libert\u00e9s \u00bb du 6 janvier 1978 modifi\u00e9e et au R\u00e8glement europ\u00e9en 2016\/679 sur la protection des donn\u00e9es, l\u2019utilisateur b\u00e9n\u00e9ficie d&rsquo;un droit d&rsquo;acc\u00e8s et de rectification aux informations qui le concernent, d\u2019un droit \u00e0 l\u2019effacement de celles-ci et \u00e0 la limitation de leur traitement.<\/h6>\n\n\n\n<h6 class=\"wp-block-heading\">L\u2019utilisateur peut exercer ces droits en s\u2019adressant au D\u00e9l\u00e9gu\u00e9 \u00e0 la Protection des Donn\u00e9es de la Communaut\u00e9 d&rsquo;Agglom\u00e9ration du Pays de Grasse&nbsp;:&nbsp;<a href=\"mailto:dpo@paysdegrasse.fr\">dpo@paysdegrasse.fr<\/a>.<\/h6>\n\n\n\n<h6 class=\"wp-block-heading\">L\u2019utilisateur peut enfin, s\u2019il le juge utile, introduire une r\u00e9clamation aupr\u00e8s de la CNIL (www.cnil.fr).<\/h6>\n\n\n\n<h6 class=\"wp-block-heading\"><strong>Liens hypertextes et cookies<\/strong><\/h6>\n\n\n\n<h6 class=\"wp-block-heading\">Le site\u00a0<a href=\"https:\/\/boutiquemip.fr\/\">https:\/\/boutiquemip.fr\/<\/a>\u00a0contient un certain nombre de liens hypertextes vers d\u2019autres sites, mis en place avec l\u2019autorisation de la Communaut\u00e9 d&rsquo;agglom\u00e9ration du Pays de Grasse. Cependant, la Communaut\u00e9 d&rsquo;agglom\u00e9ration du Pays de Grasse n\u2019a pas la possibilit\u00e9 de v\u00e9rifier le contenu des sites ainsi visit\u00e9s, et n\u2019assumera en cons\u00e9quence aucune responsabilit\u00e9 de ce fait.<\/h6>\n\n\n\n<h6 class=\"wp-block-heading\">La navigation sur le site\u00a0<a href=\"https:\/\/boutiquemip.fr\/\">https:\/\/boutiquemip.fr\/<\/a>\u00a0est susceptible de provoquer l\u2019installation de cookie(s) sur l\u2019ordinateur de l\u2019utilisateur. Un cookie est un fichier de petite taille, qui ne permet pas l\u2019identification de l\u2019utilisateur, mais qui enregistre des informations relatives \u00e0 la navigation d\u2019un ordinateur sur un site. Les donn\u00e9es ainsi obtenues visent \u00e0 faciliter la navigation ult\u00e9rieure sur le site, et ont \u00e9galement vocation \u00e0 permettre diverses mesures de fr\u00e9quentation.<\/h6>\n\n\n\n<h6 class=\"wp-block-heading\">Le refus d\u2019installation d\u2019un cookie peut entra\u00eener l\u2019impossibilit\u00e9 d\u2019acc\u00e9der \u00e0 certains services. L\u2019utilisateur peut toutefois configurer son ordinateur de la mani\u00e8re suivante, pour refuser l\u2019installation des cookies :<\/h6>\n\n\n\n<ul class=\"wp-block-list\">\n<li>Sous Internet Explorer : onglet outil (pictogramme en forme de rouage en haut a droite) \/ options internet. Cliquez sur Confidentialit\u00e9 et choisissez Bloquer tous les cookies. Validez sur Ok.<\/li>\n\n\n\n<li>Sous Firefox : en haut de la fen\u00eatre du navigateur, cliquez sur le bouton Firefox, puis aller dans l&rsquo;onglet Options. Cliquer sur l&rsquo;onglet Vie priv\u00e9e. Param\u00e9trez les r\u00e8gles de conservation sur : utiliser les param\u00e8tres personnalis\u00e9s pour l&rsquo;historique. Enfin d\u00e9cochez-la pour d\u00e9sactiver les cookies.<\/li>\n\n\n\n<li>Sous Safari : Cliquez en haut \u00e0 droite du navigateur sur le pictogramme de menu (symbolis\u00e9 par un rouage). S\u00e9lectionnez Param\u00e8tres. Cliquez sur Afficher les param\u00e8tres avanc\u00e9s. Dans la section \u00ab\u00a0Confidentialit\u00e9\u00a0\u00bb, cliquez sur Param\u00e8tres de contenu. Dans la section \u00ab\u00a0Cookies\u00a0\u00bb, vous pouvez bloquer les cookies.<\/li>\n\n\n\n<li>Sous Chrome : Cliquez en haut \u00e0 droite du navigateur sur le pictogramme de menu (symbolis\u00e9 par trois lignes horizontales). S\u00e9lectionnez Param\u00e8tres. Cliquez sur Afficher les param\u00e8tres avanc\u00e9s. Dans la section \u00ab\u00a0Confidentialit\u00e9\u00a0\u00bb, cliquez sur pr\u00e9f\u00e9rences. Dans l&rsquo;onglet \u00ab\u00a0Confidentialit\u00e9\u00a0\u00bb, vous pouvez bloquer les cookies.<\/li>\n<\/ul>\n","protected":false},"excerpt":{"rendered":"<p>Propri\u00e9taire&nbsp;: Communaut\u00e9 d&rsquo;agglom\u00e9ration du Pays de Grasse \u2013 Collectivit\u00e9 territoriale \u2013 57, Avenue Pierre S\u00e9mard BP91015, 06131 Grasse CedexCr\u00e9ateur&nbsp;: Service communication du Pays de GrasseResponsable de publication&nbsp;:&nbsp;le Pr\u00e9sident de la Communaut\u00e9 d\u2019agglom\u00e9ration du Pays de Grasse&nbsp;\u2013&nbsp;communication@paysdegrasse.frH\u00e9bergeur&nbsp;: Service Informatique de la Communaut\u00e9 d&rsquo;agglom\u00e9ration du Pays de Grasse \u2013 57, Avenue Pierre S\u00e9mard BP91015, 06131 Grasse Cedex [&hellip;]<\/p>\n","protected":false},"author":1,"featured_media":0,"parent":0,"menu_order":0,"comment_status":"closed","ping_status":"closed","template":"","meta":{"footnotes":""},"class_list":["post-3950","page","type-page","status-publish","hentry"],"jetpack_sharing_enabled":true,"_links":{"self":[{"href":"https:\/\/boutiquemip.fr\/index.php\/wp-json\/wp\/v2\/pages\/3950","targetHints":{"allow":["GET"]}}],"collection":[{"href":"https:\/\/boutiquemip.fr\/index.php\/wp-json\/wp\/v2\/pages"}],"about":[{"href":"https:\/\/boutiquemip.fr\/index.php\/wp-json\/wp\/v2\/types\/page"}],"author":[{"embeddable":true,"href":"https:\/\/boutiquemip.fr\/index.php\/wp-json\/wp\/v2\/users\/1"}],"replies":[{"embeddable":true,"href":"https:\/\/boutiquemip.fr\/index.php\/wp-json\/wp\/v2\/comments?post=3950"}],"version-history":[{"count":1,"href":"https:\/\/boutiquemip.fr\/index.php\/wp-json\/wp\/v2\/pages\/3950\/revisions"}],"predecessor-version":[{"id":3951,"href":"https:\/\/boutiquemip.fr\/index.php\/wp-json\/wp\/v2\/pages\/3950\/revisions\/3951"}],"wp:attachment":[{"href":"https:\/\/boutiquemip.fr\/index.php\/wp-json\/wp\/v2\/media?parent=3950"}],"curies":[{"name":"wp","href":"https:\/\/api.w.org\/{rel}","templated":true}]}}